 when 2831 is divided by 59.
58
What is the remainder when 190 is divided by 179?
11
Calculate the remainder when 1529 is divided by 96.
89
Calculate the remainder when 3839 is divided by 952.
31
Calculate the remainder when 978 is divided by 137.
19
Calculate the remainder when 3120 is divided by 125.
120
Calculate the remainder when 567 is divided by 116.
103
What is the remainder when 106 is divided by 17?
4
What is the remainder when 1934 is divided by 38?
34
Calculate the remainder when 65 is divided by 28.
9
Calculate the remainder when 2309 is divided by 121.
10
Calculate the remainder when 159 is divided by 70.
19
What is the remainder when 1108 is divided by 74?
72
What is the remainder when 213 is divided by 43?
41
Calculate the remainder when 193 is divided by 33.
28
Calculate the remainder when 115 is divided by 27.
7
What is the remainder when 151 is divided by 22?
19
Calculate the remainder when 1091 is divided by 14.
13
Calculate the remainder when 55 is divided by 14.
13
What is the remainder when 93 is divided by 52?
41
What is the remainder when 518 is divided by 66?
56
What is the remainder when 278 is divided by 28?
26
Calculate the remainder when 1502 is divided by 87.
23
What is the remainder when 2195 is divided by 200?
195
What is the remainder when 349 is divided by 7?
6
What is the remainder when 49 is divided by 34?
15
Calculate the remainder when 4295 is divided by 1065.
35
What is the remainder when 93 is divided by 32?
29
Calculate the remainder when 466 is divided by 236.
230
What is the remainder when 4141 is divided by 119?
95
What is the remainder when 2487 is divided by 158?
117
Calculate the remainder when 49 is divided by 19.
11
What is the remainder when 1445 is divided by 50?
45
Calculate the remainder when 1780 is divided by 573.
61
Calculate the remainder when 537 is divided by 137.
126
Calculate the remainder when 1349 is divided by 90.
89
Calculate the remainder when 335 is divided by 57.
50
What is the remainder when 2281 is divided by 142?
9
What is the remainder when 1400 is divided by 13?
9
Calculate the remainder when 646 is divided by 12.
10
Calculate the remainder when 3919 is divided by 85.
9
Calculate the remainder when 149 is divided by 15.
14
Calculate the remainder when 462 is divided by 61.
35
Calculate the remainder when 3694 is divided by 77.
75
What is the remainder when 80 is divided by 58?
22
What is the remainder when 38 is divided by 4?
2
Calculate the remainder when 247 is divided by 65.
52
What is the remainder when 60 is divided by 47?
13
What is the remainder when 3675 is divided by 16?
11
What is the remainder when 430 is divided by 143?
1
Calculate the remainder when 274 is divided by 243.
31
What is the remainder when 434 is divided by 130?
44
What is the remainder when 5937 is divided by 13?
9
What is the remainder when 6294 is divided by 21?
15
Calculate the remainder when 5601 is divided by 4.
1
Calculate the remainder when 2046 is divided by 88.
22
What is the remainder when 409 is divided by 68?
1
What is the remainder when 162 is divided by 157?
5
Calculate the remainder when 317 is divided by 16.
13
Calculate the remainder when 130 is divided by 3.
1
What is the remainder when 37 is divided by 33?
4
What is the remainder when 250 is divided by 28?
26
Calculate the remainder when 802 is divided by 26.
22
Calculate the remainder when 424 is divided by 208.
8
Calculate the remainder when 2686 is divided by 384.
382
Calculate the remainder when 544 is divided by 92.
84
What is the remainder when 283 is divided by 95?
93
Calculate the remainder when 899 is divided by 36.
35
What is the remainder when 1722 is divided by 36?
30
Calculate the remainder when 275 is divided by 19.
9
What is the remainder when 187 is divided by 47?
46
Calculate the remainder when 643 is divided by 321.
1
Calculate the remainder when 17 is divided by 16.
1
Calculate the remainder when 362 is divided by 60.
2
Calculate the remainder when 379 is divided by 49.
36
Calculate the remainder when 98 is divided by 5.
3
What is the remainder when 180 is divided by 96?
84
What is the remainder when 165 is divided by 43?
36
What is the remainder when 1056 is divided by 76?
68
Calculate the remainder when 152 is divided by 26.
22
What is the remainder when 90 is divided by 13?
12
What is the remainder when 978 is divided by 171?
123
What is the remainder when 1481 is divided by 63?
32
What is the remainder when 894 is divided by 43?
34
What is the remainder when 9085 is divided by 65?
50
What is the remainder when 104 is divided by 1?
0
Calculate the remainder when 558 is divided by 56.
54
What is the remainder when 7 is divided by 7?
0
Calculate the remainder when 90 is divided by 26.
12
Calculate the remainder when 2752 is divided by 274.
12
What is the remainder when 298 is divided by 50?
48
What is the remainder when 14447 is divided by 112?
111
Calculate the remainder when 1901 is divided by 28.
25
What is the remainder when 43 is divided by 22?
21
Calculate the remainder when 55 is divided by 47.
8
Calculate the remainder when 163 is divided by 83.
80
Calculate the remainder when 34 is divided by 26.
8
Calculate the remainder when 513 is divided by 237.
39
Calculate the remainder when 1408 is divided by 15.
13
What is the remainder when 107 is divided by 14?
9
Calculate the remainder when 418 is divided by 137.
7
Calculate the remainder when 136 is divided by 14.
10
What is the remainder when 4842 is divided by 403?
6
Calculate the remainder when 80 is divided by 41.
39
What is the remainder when 345 is divided by 25?
20
What is the remainder when 28389 is divided by 21?
18
Calculate the remainder when 705 is divided by 71.
66
Calculate the remainder when 284 is divided by 42.
32
Calculate the remainder when 212 is divided by 60.
32
What is the remainder when 230 is divided by 29?
27
Calculate the remainder when 560 is divided by 71.
63
What is the remainder when 942 is divided by 21?
18
Calculate the remainder when 1882 is divided by 72.
10
Calculate the remainder when 105 is divided by 27.
24
Calculate the remainder when 7928 is divided by 16.
8
What is the remainder when 1836 is divided by 607?
15
What is the remainder when 23 is divided by 8?
7
Calculate the remainder when 266 is divided by 91.
84
What is the remainder when 442 is divided by 37?
35
Calculate the remainder when 574 is divided by 48.
46
What is the remainder when 148 is divided by 67?
14
What is the remainder when 5058 is divided by 115?
113
Calculate the remainder when 543 is divided by 33.
15
What is the remainder when 135 is divided by 16?
7
What is the remainder when 65 is divided by 5?
0
Calculate the remainder when 1499 is divided by 20.
19
What is the remainder when 2724 is divided by 303?
300
Calculate the remainder when 58316 is divided by 26.
24
Calculate the remainder when 611 is divided by 26.
13
Calculate the remainder when 2897 is divided by 21.
20
What is the remainder when 19 is divided by 4?
3
Calculate the remainder when 130 is divided by 49.
32
What is the remainder when 104 is divided by 28?
20
Calculate the remainder when 71 is divided by 40.
31
What is the remainder when 1075 is divided by 56?
11
What is the remainder when 3974 is divided by 199?
193
What is the remainder when 1203 is divided by 375?
78
Calculate the remainder when 1006 is divided by 56.
54
Calculate the remainder when 459 is divided by 92.
91
What is the remainder when 51 is divided by 7?
2
Calculate the remainder when 74 is divided by 28.
18
What is the remainder when 1106 is divided by 37?
33
Calculate the remainder when 440 is divided by 13.
11
Calculate the remainder when 160 is divided by 82.
78
What is the remainder when 2136 is divided by 34?
28
Calculate the remainder when 49 is divided by 16.
1
What is the remainder when 141 is divided by 121?
20
Calculate the remainder when 580 is divided by 105.
55
What is the remainder when 914 is divided by 71?
62
Calculate the remainder when 386 is divided by 99.
89
What is the remainder when 85 is divided by 29?
27
What is the remainder when 278 is divided by 6?
2
Calculate the remainder when 163 is divided by 29.
18
Calculate the remainder when 662 is divided by 37.
33
Calculate the remaind